it of t?
1
Let h be -22 + 24 + 1 + -1. Suppose -3*o + 41 = -h*o. What is the tens digit of o?
4
Suppose -4*k = -3*a - 9*k + 1532, 4*a - 2050 = -3*k. What is the hundreds digit of a?
5
Let k = -14200 - -21790. What is the tens digit of k/77 - (-6)/63*-6?
9
Let w(k) = 6*k**2 + 2*k + 1. Suppose -5*m - 4*x = -15 - 0, -5*x = -4*m + 12. Let c be 2/4 + m/2. What is the units digit of w(c)?
9
What is the tens digit of 93/(-33) + 3 + (-51268)/(-77)?
6
Suppose -4*d = 20, 4*d - d = 5*v + 15. Let b(o) = -7*o - 12. Let s be b(v). Suppose 105 = 3*l - s. What is the tens digit of l?
4
Suppose 2*t = 6*t. Let w(s) = -s**2 + s + 12. Let y be w(t). What is the units digit of (y/15)/(1/5)?
4
Let x = 20 + -123. Let w = 199 + x. What is the tens digit of w?
9
Suppose -3*g + y + 10 = 0, 6*y - 2*y = 4*g. Let i(h) = 6*h + 15. Let c(a) = 3*a + 8. Let d(w) = -7*c(w) + 4*i(w). What is the tens digit of d(g)?
1
Suppose 5*d = -a + 225, -8*d + 3*d = 4*a - 240. Suppose 0 = k - 4*l + 11, 3*k - 2*l = -l - d. Let b = 54 + k. What is the units digit of b?
9
Suppose -21*r - 17234 = -35*r. What is the units digit of r?
1
What is the tens digit of (41104/(-84))/(4/(-6))?
3
Let y(k) = k**2 - 6*k - 5. Let v(u) = -u - 1. Let t be v(4). Let q(z) = z**2 - 5*z - 6. Let n(o) = t*q(o) + 4*y(o). What is the units digit of n(0)?
0
Let b(i) = i + 2. Let n be b(0). Suppose 2*v + 3*c + 6 = 0, 5*v - 20 = v + n*c. What is the tens digit of ((-86)/(-8))/(v/12)?
4
Let o be (-107429)/(-1133) - (-2)/11. Let z(l) = 5*l + 4. Let y be z(3). Suppose y = -4*k + o. What is the tens digit of k?
1
Let n(l) = l**3 + 16*l**2 - 18*l - 10. Let h be n(-17). Let k be -1 - 41/2*-4. Suppose -4*w + h*w = k. What is the tens digit of w?
2
Let w(i) = -i**3 + 3*i**2 + 29*i - 6. What is the tens digit of w(5)?
8
Suppose 11 = -2*f + 1. Let w(x) = x**2 + 5*x + 4. Let i be w(f). Suppose 0 = i*q - 7*q + 96. What is the units digit of q?
2
Let p(g) = -9*g**3 - 10*g + 1. What is the tens digit of p(-3)?
7
Let t = -42 - -42. Suppose o - 39 - 7 = t. What is the tens digit of o?
4
Let n = 30 - 20. Let m(g) = -2 + 0*g + g + n + 20. What is the units digit of m(-12)?
6
Let n = -14 - -2. Let a be (513/n)/((-3)/8). What is the tens digit of ((-10)/(-30))/(2/a)?
1
Let j(v) = 2*v**2 + 3*v - 4. Let f be j(-5). Suppose f = 4*z + 3. What is the units digit of z?
7
Suppose 2*n + 2155 - 163 = 4*s, 0 = -3*s + 4*n + 1484. Let b = -290 + s. What is the tens digit of b?
1
Let k = 14 - 25. Let c(o) = o**3 + 12*o**2 + 6*o - 5. Let j be c(k). Let f = j - 25. What is the units digit of f?
5
Suppose -4*n + j + 18969 = 0, 4*j - 6*j - 9492 = -2*n. What is the tens digit of n?
4
Let c = 514 - 303. What is the units digit of c?
1
Let m = -653 + 1917. What is the tens digit of m?
6
Suppose -2*c = -0 - 4. Let t be -10 - (0/c + 1). Let m = t - -44. What is the units digit of m?
3
Suppose -16 + 6 = -s + 3*x, 33 = 5*s + 2*x. Suppose 3*g + 4*l = -5, -5*g + 5*l + 8 = -s. What is the units digit of g?
1
Let i(k) = -k**2 - 3*k - 3. Let s be i(-5). Let n(f) = -f**2 - 14*f - 12. Let p be n(s). Suppose -5*j + 4 = -p. What is the units digit of j?
1
Let o(v) be the third derivative of v**6/120 - 7*v**5/20 + v**4/12 - 29*v**3/6 + 29*v**2. What is the units digit of o(21)?
3
Let m(s) = -194*s + 139. What is the units digit of m(-11)?
3
Let r = 11 - 12. Let n(g) = -6*g - 3. Let f(k) = -k. Let o(j) = r*f(j) - n(j). What is the tens digit of o(3)?
2
Let i = -33 + 38. Suppose -93 = -f + i*b, -3*f = 3*b - 392 + 95. What is the units digit of f?
8
Let u = 22 + -10. Let t be -3*((-4)/u + 4). What is the units digit of t - -17 - (1 - 3)?
8
Suppose 5*q - o = 6251, 18 = -o + 22. What is the units digit of q?
1
Suppose -2*z = -4*z + 24. Let s be (-76)/(-3) - 4/z. Let b = 34 - s. What is the units digit of b?
9
Suppose 15*z - 13*z = 0. Let j(v) = -43*v + z + 1 + 0 - 6*v. What is the units digit of j(-1)?
0
Suppose 4*n - 2*a - 5408 = 470, 2*n - 2936 = 2*a. What is the thousands digit of n?
1
Suppose 41*o = 15*o + 3302. What is the units digit of o?
7
Suppose 15*c + 13*c - 10472 = 0. What is the units digit of c?
4
Suppose 4*b - 40 = -8. What is the tens digit of (-2)/b - 1/((-12)/1419)?
1
Let t be (4 - (8/4 - -1)) + 8. Let l = 4 - -20. Suppose t*n = 12*n - l. What is the units digit of n?
8
Let u(m) = -3*m + m**2 - 10*m + 3*m + 16. Let h = 476 - 465. What is the units digit of u(h)?
7
Suppose q = 4*f + 347, -2*q - 5*f + 349 = -293. Suppose -2*o + p = o - q, -5*p + 249 = 2*o. What is the hundreds digit of o?
1
Suppose -4*q = -2 + 14. Let n = q + 0. What is the tens digit of n*(-1 - 56/6)?
3
Suppose 0 = -5*b + w - 151, 0*w + 89 = -3*b + w. Let d(i) = -i**3 - 30*i**2 + 29*i - 56. What is the units digit of d(b)?
6
Let g = 282 - 170. What is the tens digit of (g + -3)/((-2)/(-4))?
1
Let z(n) = 5*n + 4. Let p(f) = -11*f - 9. Let y(x) = -3*p(x) - 5*z(x). What is the tens digit of y(5)?
4
Let i(m) = -m**3 - 3*m**2 + 2. Suppose 3 + 3 = -2*c. Let t be i(c). Suppose -t*h + 49 = -1. What is the units digit of h?
5
Suppose 3*m = m + 6. Let t be m/(-2)*4/(-2). Suppose 70 = 5*z - g, -z - t*g = 2 - 32. What is the units digit of z?
5
What is the hundreds digit of (-6076)/(-22) + (-48)/264?
2
Let y(t) = -t**3 + 4*t**2 + 4*t + 6. Let r be (2 - -2) + (4 - 3). Let i be y(r). What is the units digit of (i - -4)/((-2)/(-10))?
5
Let g(n) = 19*n + 354. What is the units digit of g(6)?
8
Let v = -147 - -557. What is the tens digit of v?
1
Let k(y) = 2*y - 1. Let b(c) = -5*c - 7. Let i(r) = -2*b(r) + 6*k(r). What is the tens digit of i(3)?
7
Suppose 13*x - 16*x + 6123 = 0. Suppose -434 = -9*b + x. What is the hundreds digit of b?
2
Let d be 4/(-22) - (-184)/44. Suppose 2*w - 5*s = d*w + 7, -5*s + 5 = 0. Let m = 18 + w. What is the units digit of m?
2
Suppose -2 = -o + 5. Suppose -o*u + 480 = -u. What is the units digit of u?
0
Suppose 5*x - 3837 - 1713 = 0. Suppose -x = -3*b - 228. What is the tens digit of b?
9
Suppose -4*t + 3628 = 4*p, -t + p + 932 = -3*p. What is the hundreds digit of t?
9
Let w(g) = -8*g. Let n(u) = -u - 2. Let h be n(-1). What is the units digit of w(h)?
8
Suppose -5*i + 41 = -24. Suppose 19 = m - i. Let r = m - -24. What is the units digit of r?
6
Suppose a = 3*g - 10367, 9*g + 5*a = 8*g + 3429. What is the tens digit of g?
5
Let a be (-2)/(-6)*30/5. Suppose a*v = -8*v + 2970. What is the units digit of v?
7
Let q be -3 + (-1 - -3)/(-2). Let r(y) = y. Let s(x) = 6*x + 6. Let k(f) = -r(f) - s(f). What is the tens digit of k(q)?
2
What is the hundreds digit of 2/9 - (-1938744)/324 - -3?
9
Suppose -2*a + 0*h - h = 1, 5*a - 2 = 2*h. Suppose a*j + 2*j = -90. What is the tens digit of j/6*(-12)/9?
1
Suppose 42*f + 113988 = 134*f. What is the hundreds digit of f?
2
Let b be 0 + -6*(-2)/6. Suppose y - b = -0. What is the units digit of y?
2
Let b(o) = o**3 + 5*o**2 - 5*o + 2. Let p be b(-6). What is the hundreds digit of (219/p + 0)/(108/(-288))?
1
Let z be (-1)/2 - ((-40)/16 - -2). Suppose k + 6 - 87 = z. What is the tens digit of k?
8
Suppose 6*h + h = 18648. What is the hundreds digit of h?
6
Let u = -164 + 253. Let r = u - 39. What is the units digit of r?
0
What is the hundreds digit of (-2)/3*23274/(-4)?
8
Suppose 656*v = 674*v - 15858. What is the units digit of v?
1
Suppose -4*y = -0*y - 720. What is the hundreds digit of y?
1
What is the tens digit of (-111 - 13)*(-4)/(48/27)?
7
Suppose 5*f + 181 = -249. Let y = 120 + f. Suppose y = 2*z - 5*m, -7*z = -2*z - 2*m - 85. What is the units digit of z?
7
Suppose 2*l - 198 = -4*s, 0 = -l - 3*l - s + 396. Let j(t) = 1 - 1 + 42*t**3 - l*t**3. What is the tens digit of j(-1)?
5
Let j = 5731 + -3940. What is the hundreds digit of j?
7
Let w(n) = n**2 - 5*n + 5. Let v(q) = -1. Let p(b) = 3*v(b) + w(b). Let u be p(6). Let l = u - -19. What is the units digit of l?
7
Let n = 2 + 3. Suppose n*f = 4*f. Suppose f = -0*v - v - 5*a + 13, v = -a + 21. What is the tens digit of v?
2
Let p(d) = 3*d**3 - 25*d**2 + 18*d + 21. Let k(w) = 13*w**3 - 100*w**2 + 72*w + 85. Let q(g) = 2*k(g) - 9*p(g). What is the hundreds digit of q(24)?
1
What is the hundreds digit of ((-500)/16)/(19/20 - 1)?
6
Let p(w) = 6*w - 16. Suppose -20 = -10*u + 110. What is the units digit of p(u)?
2
Let u = 29 - 26. Let i(l) = 13*l + 10. What is the tens digit of i(u)?
4
Let k 